by 33.
20
Calculate the remainder when 683390 is divided by 5556.
2
Calculate the remainder when 3253484 is divided by 1125.
1109
What is the remainder when 2723884 is divided by 1694?
1626
Calculate the remainder when 18781169 is divided by 16829.
5
What is the remainder when 50008 is divided by 15189?
4441
What is the remainder when 662490 is divided by 662439?
51
What is the remainder when 86403656 is divided by 490?
486
Calculate the remainder when 19034291 is divided by 42.
17
What is the remainder when 441782 is divided by 1265?
297
What is the remainder when 829483 is divided by 6689?
47
What is the remainder when 33251334 is divided by 434?
424
What is the remainder when 174990 is divided by 900?
390
Calculate the remainder when 12420812 is divided by 464.
460
Calculate the remainder when 5579142 is divided by 309952.
6
Calculate the remainder when 15652062 is divided by 15.
12
What is the remainder when 2167641 is divided by 1224?
1161
What is the remainder when 4054023 is divided by 1768?
1767
Calculate the remainder when 64795210 is divided by 1447.
1444
Calculate the remainder when 4802485 is divided by 1200613.
33
Calculate the remainder when 5731356 is divided by 5641.
100
What is the remainder when 121211 is divided by 3566?
3533
What is the remainder when 119843636 is divided by 13313?
10
Calculate the remainder when 5890736 is divided by 4909.
4845
What is the remainder when 66060 is divided by 16211?
1216
What is the remainder when 256948 is divided by 28549?
7
Calculate the remainder when 3550 is divided by 1988.
1562
Calculate the remainder when 9755608 is divided by 6.
4
What is the remainder when 22530324 is divided by 979579?
7
What is the remainder when 62428 is divided by 1328?
12
What is the remainder when 507742 is divided by 924?
466
Calculate the remainder when 58368063 is divided by 4321.
4316
Calculate the remainder when 1513529 is divided by 10.
9
What is the remainder when 102181 is divided by 25500?
181
What is the remainder when 45475 is divided by 2194?
1595
Calculate the remainder when 218564 is divided by 26923.
3180
What is the remainder when 7735291 is divided by 96?
91
What is the remainder when 7133062 is divided by 165?
112
Calculate the remainder when 5775565 is divided by 8481.
4
What is the remainder when 5467430 is divided by 211?
209
What is the remainder when 595990588 is divided by 1105?
1103
Calculate the remainder when 19362 is divided by 6049.
1215
What is the remainder when 103158237 is divided by 347?
342
Calculate the remainder when 197415878 is divided by 43.
40
What is the remainder when 7394194 is divided by 112033?
16
Calculate the remainder when 1076661 is divided by 349.
345
Calculate the remainder when 397294 is divided by 3535.
1374
What is the remainder when 1338685 is divided by 1373?
10
Calculate the remainder when 513424 is divided by 170880.
784
Calculate the remainder when 453420 is divided by 26669.
47
What is the remainder when 2450428 is divided by 1224819?
790
What is the remainder when 21702719 is divided by 1833?
1832
Calculate the remainder when 10803 is divided by 10768.
35
What is the remainder when 49368 is divided by 526?
450
Calculate the remainder when 443531 is divided by 6628.
6083
Calculate the remainder when 2914092 is divided by 760.
252
What is the remainder when 152011578 is divided by 286?
4
What is the remainder when 13763159 is divided by 3047?
2907
Calculate the remainder when 2744839 is divided by 457471.
13
Calculate the remainder when 10508603 is divided by 29.
18
Calculate the remainder when 144076430 is divided by 376.
374
Calculate the remainder when 22229533 is divided by 249770.
3
Calculate the remainder when 261048 is divided by 86729.
861
What is the remainder when 57753842 is divided by 76?
74
What is the remainder when 382858 is divided by 382631?
227
Calculate the remainder when 12454 is divided by 11157.
1297
What is the remainder when 1598391 is divided by 17562?
249
What is the remainder when 101326 is divided by 487?
30
Calculate the remainder when 767189 is divided by 107.
106
What is the remainder when 138535471 is divided by 6329?
6319
Calculate the remainder when 6567657 is divided by 1005.
987
What is the remainder when 3937939 is divided by 123060?
19
Calculate the remainder when 785060 is divided by 60383.
81
Calculate the remainder when 832291 is divided by 7.
5
What is the remainder when 510112 is divided by 44?
20
What is the remainder when 122923 is divided by 84?
31
What is the remainder when 34132 is divided by 110?
32
What is the remainder when 2303624 is divided by 52355?
4
Calculate the remainder when 48656 is divided by 23807.
1042
What is the remainder when 371612 is divided by 10916?
468
Calculate the remainder when 2117728 is divided by 38504.
8
Calculate the remainder when 3222314 is divided by 1275.
389
What is the remainder when 51122552 is divided by 320?
312
Calculate the remainder when 408108 is divided by 7557.
30
Calculate the remainder when 4072568 is divided by 1357519.
11
Calculate the remainder when 100682754 is divided by 3321.
3318
Calculate the remainder when 2836942 is divided by 2515.
22
What is the remainder when 1990274 is divided by 284304?
146
What is the remainder when 102094 is divided by 5201?
3275
Calculate the remainder when 444107 is divided by 442500.
1607
Calculate the remainder when 6350686 is divided by 97.
96
What is the remainder when 567704529 is divided by 5?
4
What is the remainder when 19446 is divided by 6400?
246
What is the remainder when 96443236 is divided by 4773?
4771
Calculate the remainder when 83107 is divided by 1834.
577
What is the remainder when 41581445 is divided by 10395345?
65
What is the remainder when 334947596 is divided by 180?
176
What is the remainder when 8390447 is divided by 1398406?
11
What is the remainder when 60614 is divided by 1729?
99
What is the remainder when 147937989 is divided by 233?
231
What is the remainder when 176996 is divided by 57593?
4217
Calculate the remainder when 2090376 is divided by 289.
39
Calculate the remainder when 11512020 is divided by 649.
58
Calculate the remainder when 842545 is divided by 24063.
340
What is the remainder when 13009978 is divided by 13289?
47
Calculate the remainder when 649185 is divided by 216386.
27
Calculate the remainder when 142402 is divided by 2248.
778
Calculate the remainder when 1144296 is divided by 365.
21
Calculate the remainder when 98711 is divided by 47048.
4615
What is the remainder when 54063 is divided by 1423?
1412
Calculate the remainder when 8355569 is divided by 2424.
41
What is the remainder when 1026866 is divided by 3102?
104
What is the remainder when 352548 is divided by 196?
140
Calculate the remainder when 305840477 is divided by 880.
877
What is the remainder when 29234 is divided by 29130?
104
Calculate the remainder when 7360234 is divided by 10251.
16
What is the remainder when 2060412 is divided by 37?
30
Calculate the remainder when 220731068 is divided by 1310.
1308
Calculate the remainder when 69595709 is divided by 1023.
1019
What is the remainder when 117320898 is divided by 5427?
12
What is the remainder when 416224 is divided by 869?
842
What is the remainder when 90840 is divided by 30233?
141
Calculate the remainder when 157726 is divided by 7168.
30
What is the remainder when 513464 is divided by 212?
0
What is the remainder when 904176 is divided by 118?
60
What is the remainder when 33603282 is divided by 3084?
18
Calculate the remainder when 122077 is divided by 290.
277
Calculate the remainder when 7249376 is divided by 30.
26
What is the remainder when 941034 is divided by 40913?
35
What is the remainder when 18767199 is divided by 12?
3
Calculate the remainder when 49013981 is divided by 7001996.
9
What is the remainder when 5739717 is divided by 14?
11
What is the remainder when 2764188 is divided by 34?
22
Calculate the remainder when 1249980 is divided by 178561.
53
Calculate the remainder when 6151996 is divided by 1031.
19
Calculate the remainder when 12460726 is divided by 238.
236
Calculate the remainder when 101961 is divided by 1959.
93
Calculate the remainder when 59562 is divided by 1486.
122
Calculate the remainder when 10594069 is 